 be (2/(-1))/(-23 + 21). Let h be -6*2/(1 + o). Let y(u) = 26*u**2 + 8*u + 7. Is y(h) a composite number?
True
Let s = -126 + 185. Suppose -2*r = -r - s. Is r prime?
True
Let p = 47 - 50. Is ((-2)/p)/((-6)/(-4653)) composite?
True
Let p be (-6)/(-4)*8/3. Suppose p*z - 453 = 55. Is z a prime number?
True
Suppose -15 + 1 = -2*g - 5*t, 3*t = 3*g. Suppose 0 = 3*d - g*s - 0*s - 7, -6 = -2*d + s. Suppose 2*z + 1819 = d*j, 0 = -4*z + 11 + 1. Is j a prime number?
False
Suppose 0 = 5*q - 4*y - 19887 - 37499, 4*q + 2*y = 45888. Is q a prime number?
False
Let q = 20 + -20. Let y(j) = q*j + 5*j - 1 + 2 + 0. Is y(4) a composite number?
True
Suppose 30203 = 5*r + 3*u, 30219 = 4*r + r - u. Is r composite?
False
Let z(g) = 3*g**2 + 10*g - 2. Suppose 0 = -j - 0 + 7. Let p be z(j). Suppose -162 = -r + p. Is r composite?
True
Let p be ((-50)/(-20))/((-2)/(-8)). Let t = -30 - p. Is 110/t*(-51 - 1) prime?
False
Suppose 24*r = -12*r + 13428. Is r prime?
True
Suppose 0 = -x - 3 + 14. Let i = x - -1. Is (-1362)/(-14) - i/42 prime?
True
Let p(n) be the first derivative of 43*n**2/2 - 9*n - 3. Let i be p(8). Suppose 2*f = 7*f - i. Is f a prime number?
True
Let r(z) = -6*z - 3. Suppose -2*p - 40 = -4*h + 4, 4*h - p - 44 = 0. Suppose 1 = -g + 2*g, g = -3*d - h. Is r(d) prime?
False
Suppose 5*t + 4*z - 18027 = -4990, -t + 2613 = -2*z. Is t composite?
False
Let d(t) = -t + 2. Let r be d(6). Let m be r/(-4*4/(-8)). Is 3/m*38/(-3) a composite number?
False
Let j = -1451 - -2124. Is j a prime number?
True
Let n(c) = -c**3 + c**2 - 32*c + 17. Is n(-15) composite?
True
Let x = -63 - -60. Is (-4053)/36*x*(2 + 2) prime?
False
Let y be 6190/38 - 6/(-57). Let p = y + -4. Is p composite?
True
Let n = -21644 + 12962. Let c = 12671 + n. Is c a composite number?
False
Let p = 520 - 245. Let c(x) = x + 2. Let z be c(3). Suppose 0 = 4*s - 2*w - 360, -z*w = 4*s - p - 71. Is s composite?
False
Let j(k) be the first derivative of k**2/2 + 7*k - 3. Let d be j(-7). Is 1*(38 + (0 - d)) composite?
True
Let b(z) = -1206 - 2*z**3 + 0*z - 2*z**2 - z + 1208 + 4*z**2. Let d = -10 - -7. Is b(d) composite?
True
Suppose 27935 = 18*s - 16*s + 3*i, -2*s + 4*i = -27914. Is s a composite number?
False
Let s be (-2 + 33)/(3*(-3)/855). Let p = s + 5448. Is p composite?
False
Let j(u) = 12*u**2 + 36*u + 49. Is j(-15) prime?
False
Suppose 5*d + l - 23042 = 0, d - 3*l - 1098 = 3520. Is d a prime number?
False
Let r = 5566 + -1959. Is r prime?
True
Let g(t) = -2*t**3 - 6*t**2 - t + 30341. Is g(0) a prime number?
True
Let s(l) = 2*l**2 - 11*l**3 - 7*l - 2*l**2 + 6*l. Let h be s(-1). Let i = 26 - h. Is i composite?
True
Let i be (2/5)/((21/(-3))/(-129115)). Suppose -i = -11*g + 6691. Is g prime?
True
Let y(g) = -2*g**3 - 41*g**2 - 26*g - 17. Let u = 3 - 23. Is y(u) a prime number?
True
Let s(n) = 2*n + 38. Let p be s(-19). Suppose -3*w - 1980 = -2*c, p = c + 14*w - 12*w - 997. Is c a composite number?
True
Suppose m + m - 276 = 0. Suppose 0 = 7*c - 5*c - m. Let k = c + -2. Is k composite?
False
Let j(f) = f**2 + 9. Let z be (-12)/(-66) + (-158)/22. Is j(z) a composite number?
True
Let r = -132 - -136. Let d = -243 - -660. Suppose -r*p + d = -p. Is p a composite number?
False
Let q(h) = h**2 + 3*h + 20. Let j be q(-5). Let o = 81 - j. Is o a prime number?
False
Let s = 38146 - 25457. Is s a composite number?
False
Suppose 2*g = 3*v + 5*g - 9, 0 = 5*v + 4*g - 12. Suppose v*k = k - 119. Is k composite?
True
Let w = -16 - -17. Suppose 0 = 2*n + 13 + w. Let q(m) = -m**3 - 6*m**2 + 3*m - 2. Is q(n) composite?
True
Suppose 17*n = 19*n - 766. Let a = -670 + n. Let w = a - -760. Is w a composite number?
True
Let r(t) = 6*t**2 - 3*t + 50. Is r(-9) a composite number?
False
Suppose 6*w - 2*w = 4*f + 16, 0 = 3*w + f - 28. Suppose -w*l - 5769 = -11*l. Is l a prime number?
False
Is 2/4 - (-990)/(-108)*-237 a composite number?
True
Suppose -9*h + 46407 = -15*i + 12*i, 5*i = 5*h - 25765. Is h a prime number?
False
Suppose 6*s = -16*s + 142318. Is s prime?
True
Let t = 15276 + -10447. Is t prime?
False
Let i(f) = -238*f + 47. Let s(m) = -m + 1. Let q(y) = -i(y) + s(y). Is q(5) composite?
True
Suppose 2*s - 1 = -13. Let b be 12*((-34)/s + 1). Suppose 276 = 4*h - b. Is h a composite number?
False
Suppose 1 = 5*l - 3*i, -l - 5*i = -4*l - 9. Suppose 2*g = -o, -g - l*g + 2*o = 0. Suppose 3*k - 143 = -w, g = w - 2*w + 2*k + 153. Is w a composite number?
False
Let p = 27844 - 11553. Is p composite?
True
Let y(f) = f**2 + 7*f + 2. Let i be y(-7). Let h = 9 - i. Is h a prime number?
True
Is 99141/(-14)*(-4)/6 prime?
True
Let c(b) = -b**2 - b. Let h(l) = -8*l**2 - 3*l - 5. Let r(w) = 6*c(w) - h(w). Suppose -3*u - 3*n + 49 = 2*u, -3*u = 4*n - 36. Is r(u) prime?
True
Is 124/(-16) - -8 - 321609/(-12) a composite number?
False
Let s be (3/(-2))/(15/(-20)). Suppose -s*y + 3*y + 14 = -3*a, -4*y - 17 = -a. Let k(c) = 16*c**2 - 2*c - 1. Is k(a) a prime number?
True
Suppose 271 = 17*f - 1582. Is f prime?
True
Suppose -16*x + 270113 = x. Is x composite?
False
Let x be (-12)/7 - (-8)/(-28). Let o(p) = -15*p**3 - p**2 + 3*p + 3. Let s be o(x). Suppose 81 = 2*f - s. Is f composite?
False
Let s = -1493 - -3728. Suppose 0 = -u - 2*u + s. Is u a prime number?
False
Suppose 4228 = 2*z - 5*m + m, 3*z + 5*m - 6309 = 0. Suppose 0 = 9*b - 7715 + z. Is b composite?
True
Let i(n) = -78*n + 7. Let l be -2 - -5 - (4 - 1). Let c = -10 - l. Is i(c) a composite number?
False
Let b be 19152/20 + 13/(-5) + 3. Let a = b + -395. Is a composite?
False
Suppose -12 = -0*n + 2*n. Let o = n + 9. Let w(r) = 8*r + 2. Is w(o) a prime number?
False
Suppose 503 - 493 = j. Is j composite?
True
Let a(n) = -220*n + 6. Let o(x) = 220*x - 5. Let h(p) = 4*a(p) + 5*o(p). Is h(1) a composite number?
True
Let w(c) = -c**2 + 12*c - 2. Let h be w(9). Suppose h = g - 28. Is g a prime number?
True
Let l(z) = 4*z**2 + 40*z + 11. Is l(-25) prime?
True
Let i be -1082*((-14)/(-4) + -4). Suppose -u + m - 47 = 335, 372 = -u - 4*m. Let b = u + i. Is b prime?
False
Let s = -12083 - -30136. Is s composite?
True
Let t(m) be the first derivative of -m**2 + 6 - 2/3*m**3 + m - 17*m**4. Is t(-2) prime?
True
Suppose -g + 2*m - 367 = 155, g + 4*m = -552. Let l be (-3)/(0 - (-6)/g). Let f = -157 + l. Is f composite?
False
Let m be (-77)/(-5) - 12/30. Suppose 0 = -5*u + 2*u + 3*j + m, 0 = -3*u - 2*j. Suppose 3*d - 189 = -u*h, 5*d - 53 = 4*d - 4*h. Is d a composite number?
True
Let o(f) = -671*f - 1. Let l(j) = -672*j - 1. Let n(u) = 3*l(u) - 4*o(u). Is n(2) prime?
False
Suppose 3*k - 7*k = -4*v + 12, -4*k - 48 = 5*v. Let m(y) = y**3 + 11*y**2 + y + 5. Is m(k) a composite number?
True
Suppose 7*a + 3 = 24. Suppose -a*q = -7*q + 2060. Is q composite?
True
Let i = 51744 + -31655. Is i a composite number?
False
Suppose z - 4986 = -1687. Is z a composite number?
False
Suppose -2*x + 36965 + 55709 = 0. Is x a composite number?
False
Suppose -3*a + 5*o + 10 = 0, 2*o + 24 = 5*a + o. Is (-1361 - 0/a)*-1 a composite number?
False
Suppose 0 = 23*s - 500795 + 58206. Is s prime?
False
Suppose -c + 482 + 405 = 0. Is c prime?
True
Let j(o) = o**3 - 5*o**2 - o + 27. Let p = 25 + -17. Is j(p) a prime number?
True
Suppose -x - 3*l - 909 = l, -4*x = -3*l + 3636. Let n = 1463 + x. Is n a prime number?
False
Let x(f) = 343*f**2 + 5*f - 67. Is x(11) prime?
True
Is (-22)/(((-36)/2661)/6) a composite number?
True
Suppose 36*k - 37*k + 436 = 0. Suppose -k = -2*s - 122. Is s composite?
False
Suppose 72152 + 29344 = 24*c. Is c a composite number?
False
Let y(q) = q**2 - 3*q - 10. Let h be y(11). Let x = h + 85. Is x a prime number?
True
Is (2617/(-2) + 4)/((-5)/10) composite?
False
Let s(k) = -4*k - 2. Let c be s(-4). Let o be (-360)/(-56) - 6/c. Is ((-3728)/(-24))/(4/o) prime?
True
Let h = 20 + -32. Let b be 111/h - 3/(-12). Is (-1212)/b + 4/(-6) composite?
True
Suppose 0 = -4*n + n + 6. Suppose -16 - 14 = -2*a + 4*o, -18 = -n*a + o. Suppose 8*j - 71 = a*j. Is j a prime number?
True
Let p = 91 + -89. Suppose -3*q = p*d + 2*q - 949, 5*d = -2*q + 2425. Is d a composite number?
False
Suppose 60*l - 179570 = -710. Is l a prime number?
False
Suppose -2*b - 57 = 23. Is (-21)/(1 - b/(-28)) composite?
True
Is 5*((-29)/(-87))/((-2)/(-3342)) composite?
True
Let k = -64 + 61. Is k/(-1)*370/6 a prime number?
False
Let o be -2 + -10*351/6. Let i